= -z*b + 5*x + 60. What are the prime factors of b?
2, 5
Let k = -16 + 20. List the prime factors of k.
2
Let r = 6 - 15. Let v = -4 - -3. List the prime factors of v - (2 - 3) - r.
3
Let a = -11 - -6. Let t = a + 7. Let d = 12 - t. List the prime factors of d.
2, 5
Let d(h) = -h + 9. Let l(p) = 2*p - 19. Let r(u) = 13*d(u) + 6*l(u). What are the prime factors of r(-3)?
2, 3
Let f = 3 - 4. Let r(v) = -6*v - 1. Let l be r(f). Suppose -4*y - l = -33. List the prime factors of y.
7
Let i = 79 - 43. Suppose -5*c + 3*l + i = 0, -24 = -3*c + l + 2*l. List the prime factors of c.
2, 3
What are the prime factors of (2310/9 - -2) + (-2)/(-6)?
7, 37
Let x be 10/(-65) - 160/(-26). Let v(y) = 3*y - 7. What are the prime factors of v(x)?
11
Suppose -5*o = -0*g - g - 2, 3*o = -3*g + 30. Let y = 4 + g. What are the prime factors of y?
2, 3
Let m be (-1)/((-4 - -3)*1). Suppose -f + m = -b, 6*b - 3*b = -5*f + 29. List the prime factors of b.
3
Let p(i) = -i**2 - 6*i - 9. Let l(v) = v. Let o(z) = l(z) - p(z). Suppose -2*j + 9 = 5*s - 4, 3*s - 45 = 5*j. List the prime factors of o(j).
3
Let s(k) = -2*k**3 - 4*k**2 - 3*k - 2. Let r be s(-2). Let j = r + 5. List the prime factors of j.
3
Let o be 3*(-1)/(1/1). Let n = 1 - o. List the prime factors of (-5 - -53)*2/n.
2, 3
Let s(x) = -x**2 + x - 1. Let n be s(0). Let q be 2 - (-21 - (n + 0)). What are the prime factors of (-2)/(40/q + -2)?
11
Let q be 2 + (4 - 3 - 3). Suppose p + 0*p + 141 = -5*g, -4*g + 5*p - 107 = q. List the prime factors of 4/(-8)*(0 + g).
2, 7
Let j = 271 + -145. List the prime factors of j.
2, 3, 7
Let z = 37 + -18. Suppose 26 + z = -3*a. List the prime factors of ((-7)/(-5) + -2)*a.
3
Let n = 8 - 6. Let l be 1/(3 - n) + 0. What are the prime factors of 1/((3/36)/l)?
2, 3
Let a = -2 + 9. Suppose 3*s + 120 = a*s. Suppose -m + s = 5*v, -5*v + 4*m + 10 = m. List the prime factors of v.
5
Let i be (2/(-4))/((-1)/10). Suppose -i*s = -2*r + 33, 3*s = -4*r - 0*r + 1. Let c(v) = -v**2 + 5*v + 2. What are the prime factors of c(r)?
2, 3
Let b(h) be the second derivative of h**4/12 + h**3/2 + 2*h**2 + 2*h. Let f be b(-3). Suppose 0 = -f*c + 3*c + 5. What are the prime factors of c?
5
Suppose -33 = -3*u - 3. Suppose -g = -2*g + u. List the prime factors of g.
2, 5
Suppose 0 = 4*g - 743 - 73. Suppose -4*f = -4*i - f + 188, -g = -5*i - 4*f. Let y = -31 + i. What are the prime factors of y?
13
Let f(a) = -a**2 - 11*a + 7. Let k be f(-12). Let j = 9 + k. What are the prime factors of j?
2
Let q(z) = 5*z**2 - 3*z - 4. Let c(b) = -9*b**2 + 6*b + 8. Let a(l) = 3*c(l) + 5*q(l). Let d be a(3). Let w = -3 - d. List the prime factors of w.
2
Suppose 0 = -5*m - 5*x + 8 + 2, 3*x = -6. Suppose -m*p + 108 = 24. List the prime factors of p.
3, 7
Suppose 4*t - 7*t + 201 = 0. Suppose t = 5*f - 93. List the prime factors of f.
2
Let m(z) = -z**2 + 12*z - 3. Let f be m(12). List the prime factors of f/(-4 - -3) + 14.
17
Suppose 0 = -5*r - 14 - 1. Let g(s) be the first derivative of -3*s**2/2 - 2*s - 1. List the prime factors of g(r).
7
Suppose 0*l - 55 = -5*l. Let s = l - -19. What are the prime factors of s?
2, 3, 5
Suppose -15 = -2*d + 5*j, 0 = -2*d + 4*j - 7*j - 9. Suppose d = 9*w - 7*w - 110. What are the prime factors of w?
5, 11
Suppose 0 = 3*n - 2 - 7. Suppose s - 48 = -n*s. What are the prime factors of s?
2, 3
Let f(a) = 2*a - 1. Let i(y) = y**3 + 5*y**2 - 5*y + 8. Let k be i(-6). What are the prime factors of f(k)?
3
Let d be -1*(-1 + 7/(-1)). Let v = -9 + d. List the prime factors of (0 - v)/(1/17).
17
Let n be 3*(-1)/(6/(-8)). Suppose 2*w + 3*w = -5*r + 45, -11 = w - n*r. Suppose 4*i + c - w*c = 12, 5*i - 19 = 4*c. What are the prime factors of i?
7
Let h(v) be the third derivative of v**6/60 + v**4/8 - v**3/2 + 3*v**2. What are the prime factors of h(2)?
19
Suppose q + 6*p = 2*p + 4, -4*q + 3*p - 3 = 0. Suppose -5*d - 3*v + 29 = q, -3*v = -5*d + 10 + 1. List the prime factors of d.
2
Let x(s) = -s**2 + s + 25. List the prime factors of x(0).
5
Suppose -23 = -d - 0. What are the prime factors of d?
23
Suppose -3*c = -5*k + 2 - 0, 0 = 4*k + 20. Let j = 7 - c. What are the prime factors of j?
2
Let n(u) = -u**3 + 6*u**2 + 2*u. List the prime factors of n(3).
3, 11
Let j be (-1 - (-3 + 2))/2. Suppose 7*w = 3*y + 4*w - 33, j = 5*y + w - 61. What are the prime factors of y?
2, 3
Let m = -2 - -5. Suppose 0*g - d + 22 = 2*g, -2*g + 2*d + 28 = 0. Suppose 5*t - m = g. What are the prime factors of t?
3
Suppose -52 = -5*f + l, -4*f + 2*l + 32 = 6*l. Suppose 5*r + g - 6 = 3*r, -5*g - f = 0. List the prime factors of r.
2
Suppose 2*h + 0 = 2. Suppose -2*p + 5 = h. List the prime factors of p.
2
Let q = 23 - 8. Suppose 27 = 3*l - q. What are the prime factors of l?
2, 7
Let u = 7 + -4. Let w = 22 - u. List the prime factors of w.
19
List the prime factors of 23/(-3 + 10/3).
3, 23
Let o = -61 - -120. Suppose -4*g + 37 + o = 0. Let m = -17 + g. What are the prime factors of m?
7
Suppose -y + 130 = -0*y. Suppose -5*m + o - 3*o + 165 = 0, 0 = -3*m + 5*o + y. What are the prime factors of m?
5, 7
Suppose h = 3*n + 12, 3*n - 5*h = -7 - 5. List the prime factors of 2/n*(1 - 5).
2
Suppose -3*i + 6 = -i. Suppose i*t - 32 + 2 = 0. List the prime factors of t.
2, 5
Suppose -15*t - 351 = -18*t. What are the prime factors of t?
3, 13
Let c = 21 - 5. Let h = c - 12. What are the prime factors of h?
2
Suppose 0 = 5*c + 48 - 3. What are the prime factors of 6/c + 53/3?
17
Let r(v) be the second derivative of v**3/6 + 5*v**2 + 3*v. What are the prime factors of r(-7)?
3
Let y(f) = 2*f**3 - 2*f**2 - 2*f + 2. What are the prime factors of y(2)?
2, 3
Let t(r) = r + 26. Let g(s) = -13*s - 1. Let j be g(1). List the prime factors of t(j).
2, 3
Let d(a) = -3 - 3 - a**2 + 1 + 18*a. List the prime factors of d(15).
2, 5
Suppose -4*j + 45 = 13. Let c = j + 12. List the prime factors of c.
2, 5
Suppose 2*x + 2*s - 66 = 28, s + 85 = 2*x. Suppose h + h - x = 0. What are the prime factors of h?
2, 11
Let b(l) = l**3 - 4*l**2 + 5*l + 11. What are the prime factors of b(5)?
61
Suppose 6*g - g = -3*v + 114, 0 = -2*g. What are the prime factors of v?
2, 19
Let m(o) = o**3 + o**2 + o - 15. Let b be m(0). What are the prime factors of 128/10 - 3/b?
13
Suppose 4*i = 11 + 1. Let d be (-18)/(1 - (-4)/(-5)). List the prime factors of d/(-8) - i/12.
11
Suppose 3*j - 308 = -j. List the prime factors of j.
7, 11
Suppose 27*i = 30*i - 84. List the prime factors of i.
2, 7
Let h(d) = 3*d**2 + 1 + d**3 + 2*d**2 - 2*d**3. Let w be h(5). List the prime factors of -1*(0 + w) + 13.
2, 3
Suppose -5*s = 3*c - 121, 10*s - 7*s - 84 = 2*c. List the prime factors of s.
2, 13
Suppose 5*q = s + s + 16, 4*s - 3*q + 4 = 0. Suppose -2*f = -4*n - 82, f + 4*f = s*n + 165. What are the prime factors of f?
31
List the prime factors of 214/30 - (-16)/(-120).
7
Let o be (-2)/7 - (-120)/(-21). Let m be 678/30 - o/(-10). Let f = m - 8. List the prime factors of f.
2, 7
Let z = -30 + 11. Let k = z + 32. What are the prime factors of k?
13
Suppose -3*s + 0 = -15. Suppose -y - 5*u + 32 = -2*u, -s*y + u + 96 = 0. What are the prime factors of y?
2, 5
Let f(k) = 2*k. Let c be f(-3). Suppose 8*a - 3*a + 243 = 4*w, a = w - 48. List the prime factors of (-1)/(-2) + a/c.
3
Suppose 0*p + p = 81. List the prime factors of p.
3
Let u be (-1)/(-6) - (-1916)/24. Suppose 0*f + u = 5*f. List the prime factors of f.
2
Suppose 0*b - 12 = -2*b. Let w = b - 1. Suppose -w*y + 0*y + 40 = 0. What are the prime factors of y?
2
Suppose 0 = -0*p + 3*p - 102. Let i = p + -21. List the prime factors of i.
13
List the prime factors of (6/4)/(8/976) + -2.
181
Let x = 52 - 84. Let c = -3 - x. List the prime factors of c.
29
Let v(g) = -2*g + g**2 + 3*g + 0*g**2. Let k be v(-1). Let r(a) = a**3 - a**2 + 10. List the prime factors of r(k).
2, 5
Let q(v) = -v**2 + 16*v + 8. What are the prime factors of q(8)?
2, 3
Suppose -3*u + 6*u + 59 = -4*i, -4*u - 4*i - 84 = 0. Let y = 65 + u. What are the prime factors of y?
2, 5
Let f(m) = -28*m - 10. List the prime factors of f(-6).
2, 79
Suppose -3*m + m - 5*d = 19, -1 = 3*m + 2*d. Let j = -1 + m. List the prime factors of ((-32)/(-40))/(j/45).
2, 3
Suppose 3*z - 15 + 0 = 0. Suppose -f + z*y - 31 = -4*f, 5*f = -4*y + 30. List the prime factors of f.
2
Let v = 68 - 51. What are t